at is the thousands digit of 234300?
4
What is the hundred thousands digit of 2983748?
9
What is the units digit of 32710472?
2
What is the hundred thousands digit of 223567?
2
What is the millions digit of 8343673?
8
What is the ten thousands digit of 661286?
6
What is the hundreds digit of 791625?
6
What is the tens digit of 177888?
8
What is the hundreds digit of 162703?
7
What is the millions digit of 21060557?
1
What is the units digit of 182375?
5
What is the hundred thousands digit of 535964?
5
What is the hundred thousands digit of 3256858?
2
What is the units digit of 647606?
6
What is the hundreds digit of 513?
5
What is the ten thousands digit of 924187?
2
What is the millions digit of 22256314?
2
What is the units digit of 570341?
1
What is the ten thousands digit of 327149?
2
What is the millions digit of 5774797?
5
What is the units digit of 11905577?
7
What is the tens digit of 50852?
5
What is the tens digit of 560536?
3
What is the tens digit of 3432424?
2
What is the units digit of 98570?
0
What is the units digit of 388589?
9
What is the units digit of 26349473?
3
What is the tens digit of 52842?
4
What is the hundred thousands digit of 1021096?
0
What is the tens digit of 4551375?
7
What is the hundreds digit of 3252222?
2
What is the hundreds digit of 1141251?
2
What is the ten thousands digit of 204550?
0
What is the units digit of 75735?
5
What is the thousands digit of 2647109?
7
What is the hundreds digit of 69731?
7
What is the ten thousands digit of 2794612?
9
What is the units digit of 8091733?
3
What is the hundred thousands digit of 488653?
4
What is the hundreds digit of 937772?
7
What is the hundreds digit of 35544?
5
What is the tens digit of 512958?
5
What is the hundred thousands digit of 767757?
7
What is the hundreds digit of 8482343?
3
What is the thousands digit of 1903567?
3
What is the ten thousands digit of 551327?
5
What is the hundreds digit of 192782?
7
What is the units digit of 665909?
9
What is the hundreds digit of 787696?
6
What is the units digit of 248076?
6
What is the tens digit of 2573460?
6
What is the tens digit of 10674808?
0
What is the tens digit of 413746?
4
What is the ten thousands digit of 348346?
4
What is the thousands digit of 6590393?
0
What is the thousands digit of 1592335?
2
What is the ten thousands digit of 40849273?
4
What is the hundreds digit of 137596?
5
What is the thousands digit of 4974104?
4
What is the hundred thousands digit of 26315517?
3
What is the ten thousands digit of 2381609?
8
What is the thousands digit of 195168?
5
What is the units digit of 23222?
2
What is the hundreds digit of 937426?
4
What is the millions digit of 4737530?
4
What is the hundreds digit of 130398?
3
What is the hundreds digit of 671834?
8
What is the units digit of 243067?
7
What is the ten thousands digit of 160477?
6
What is the hundred thousands digit of 8934317?
9
What is the units digit of 218062?
2
What is the ten thousands digit of 138990?
3
What is the units digit of 5755289?
9
What is the thousands digit of 104178?
4
What is the units digit of 3992530?
0
What is the tens digit of 368089?
8
What is the ten thousands digit of 7036106?
3
What is the hundred thousands digit of 515263?
5
What is the hundreds digit of 879256?
2
What is the thousands digit of 163472?
3
What is the thousands digit of 932504?
2
What is the thousands digit of 900408?
0
What is the units digit of 10573622?
2
What is the units digit of 208729?
9
What is the thousands digit of 74596?
4
What is the units digit of 257939?
9
What is the hundred thousands digit of 13720895?
7
What is the hundred thousands digit of 1786140?
7
What is the tens digit of 294601?
0
What is the ten thousands digit of 596041?
9
What is the units digit of 883709?
9
What is the ten thousands digit of 7835287?
3
What is the hundred thousands digit of 12676912?
6
What is the ten thousands digit of 250726?
5
What is the hundreds digit of 41295?
2
What is the tens digit of 2064810?
1
What is the ten millions digit of 12789184?
1
What is the millions digit of 2372777?
2
What is the millions digit of 8875055?
8
What is the hundred thousands digit of 1142817?
1
What is the millions digit of 4761829?
4
What is the ten thousands digit of 669703?
6
What is the hundred thousands digit of 1141312?
1
What is the tens digit of 154226?
2
What is the units digit of 529483?
3
What is the ten thousands digit of 744488?
4
What is the hundred thousands digit of 102353?
1
What is the hundred thousands digit of 214532?
2
What is the tens digit of 196932?
3
What is the millions digit of 8121143?
8
What is the ten thousands digit of 5626086?
2
What is the ten thousands digit of 3718744?
1
What is the thousands digit of 2427023?
7
What is the ten thousands digit of 1674133?
7
What is the hundreds digit of 356063?
0
What is the thousands digit of 27364?
7
What is the units digit of 13608283?
3
What is the ten thousands digit of 342423?
4
What is the ten thousands digit of 520159?
2
What is the hundreds digit of 174734?
7
What is the tens digit of 19688137?
3
What is the hundred thousands digit of 226894?
2
What is the tens digit of 513570?
7
What is the hundred thousands digit of 201130?
2
What is the units digit of 392227?
7
What is the units digit of 115952?
2
What is the hundred thousands digit of 961223?
9
What is the tens digit of 399742?
4
What is the hundreds digit of 231503?
5
What is the thousands digit of 177754?
7
What is the units digit of 1106112?
2
What is the thousands digit of 2092441?
2
What is the thousands digit of 484421?
4
What is the hundreds digit of 606119?
1
What is the tens digit of 43861746?
4
What is the tens digit of 750196?
9
What is the hundreds digit of 1663306?
3
What is the hundreds digit of 3473821?
8
What is the hundreds digit of 4602359?
3
What is the thousands digit of 4200913?
0
What is the thousands digit of 1247722?
7
What is the ten thousands digit of 230502?
3
What is the tens digit of 17061325?
2
What is the ten thousands digit of 6433200?
3
What is the hundreds digit of 839508?
5
What is the thousands digit of 206580?
6
What is the millions digit of 8864293?
8
What is the thousands digit of 3318311?
8
What is the hundreds digit of 16568803?
8
What is the ten millions digit of 15924300?
1
What is the tens digit of 9931737?
3
What is the hundred thousands digit of 476519?
4
What is the hundreds digit of 2236652?
6
What is the thousands digit of 2388924?
8
What is the tens digit of 215405?
0
What is the tens digit of 287703?
0
What is the thousands digit of 521678?
1
What is the ten thousands digit of 952260?
5
What is the millions digit of 1069023?
1
What is the tens digit of 80083?
8
What is the ten thousands digit of 2336280?
3
What is the hundreds digit of 677526?
5
What is the hundreds digit of 129248?
2
What is the tens digit of 11770393?
9
What is the units digit of 58623?
3
What is the hundred thousands digit of 925208?
9
What is the tens digit of 1423012?
1
What is the hundreds digit of 4506?
5
What is the hundreds digit of 16320646?
6
What is the hundred thousands digit of 212844?
2
What is the tens digit of 171161?
6
What is the hundreds digit of 148062?
0
What is the units digit of 266482?
2
What is the millions digit of 37442257?
7
What is the hundred thousands digit of 4340649?
3
What is the hundreds digit of 1675592?
5
What is the thousands digit of 387622?
7
What is the hundred thousands digit of 267809?
2
What is the hundred thousands digit of 437894?
4
What is the hundreds digit of 10200021?
0
What is the hundreds digit of 91407?
4
What is the units digit of 57521?
1
What is the millions digit of 11117255?
1
What is the hundreds digit of 5551384?
3
What is the tens digit of 11399811?
1
What is the hundred thousands digit of 10417178?
4
What is the thousands digit of 225065?
5
What is the ten millions digit of 21374207?
2
What is the tens digit of 417526?
2
What is the hundred thousands digit of 22643052?
6
What is the hundreds digit of 872077?
0
What is the thousands digit of 908034?
8
What is the millions digit of 21725650?
1
What is the ten thousands digit of 156941?
5
What is the hundred thousands digit of 19733806?
7
What is the millions digit of 1692137?
1
What is the hundred thousands dig